. Calculate t(-22).
660
Let v(k) = -1020*k - 2051. Calculate v(-2).
-11
Let x(a) = -a**3 + 12*a**2 + 91*a - 238. Give x(17).
-136
Let u(h) = -10915*h - 32734. Calculate u(-3).
11
Let p(r) = -99*r + 3966. Calculate p(40).
6
Let l(f) = -69*f + 7855. Determine l(114).
-11
Let b(g) = 47*g + 561. Determine b(-12).
-3
Let g(z) = -7*z**3 - 4*z**2 - 4*z + 9. Give g(-4).
409
Let f(o) = -o**3 - 15*o**2 - 21*o + 108. What is f(-12)?
-72
Let w(r) = -r**3 - 4*r**2 + 63*r + 240. Determine w(-4).
-12
Let o(j) = -51*j**2 + 148*j - 24. What is o(3)?
-39
Let x(m) = m**2 + 460*m + 4511. Calculate x(-10).
11
Let g(o) = 732*o + 80509. Determine g(-110).
-11
Let v(p) = -p**2 - 8*p - 30. What is v(-10)?
-50
Let l(n) = 31*n + 1357. What is l(-43)?
24
Let q(w) = 2*w**3 + 15*w**2 + 13*w - 22. Calculate q(-6).
8
Let k(t) = t**3 - 180*t**2 - 15*t + 2703. Determine k(180).
3
Let a(b) = -8495*b - 33975. Calculate a(-4).
5
Let w(j) = -59*j + 236. Calculate w(3).
59
Let a(q) = -q**2 - 23*q + 55. Determine a(-22).
77
Let f(m) = -131*m - 170. Calculate f(4).
-694
Let y(j) = 2*j**3 + 11*j**2 - 178*j - 886. Calculate y(-5).
29
Let d(a) = 46*a**2 - 123*a + 122. Calculate d(1).
45
Let l(w) = 72*w**2 + 119*w - 55. Calculate l(-2).
-5
Let j(c) = c**2 - c - 287. Give j(18).
19
Let o(y) = y - 29. Give o(10).
-19
Let w(l) = l**3 - 23*l**2 + 14*l + 172. Determine w(22).
-4
Let r(q) = 7*q**3 + 143*q**2 - 100*q - 338. Calculate r(-21).
-2
Let p(z) = -16*z**2 + 814*z - 87. Give p(51).
-189
Let o(u) = -300*u - 905. Give o(-3).
-5
Let n(u) = u**3 + 16*u**2 + 45*u + 73. What is n(-13)?
-5
Let h(r) = r**2 + 93*r - 4543. Give h(35).
-63
Let k(d) = 2*d**3 - 204*d**2 - 3*d + 325. What is k(102)?
19
Let d(h) = 138*h**2 - 149*h + 5. Determine d(1).
-6
Let t(d) = d**3 - 7*d**2 - 69*d + 48. Give t(-6).
-6
Let p(n) = n**3 - 41*n**2 + 259*n - 747. Determine p(34).
-33
Let z(k) = k**2 + 50*k + 323. Determine z(-42).
-13
Let r(d) = 3*d**3 - 39*d**2 - 4*d - 76. Calculate r(13).
-128
Let k(g) = -g**3 - 19*g**2 + 711*g - 419. Determine k(-38).
-1
Let n(k) = 3*k**2 - 340*k - 107. Give n(113).
-220
Let x(m) = 2*m**2 - 92*m + 1152. Give x(27).
126
Let b(v) = v**3 + 11*v**2 + 1545*v + 13750. What is b(-9)?
7
Let i(b) = -b**3 + 157*b**2 + 1321*b - 169. Give i(165).
-4
Let t(b) = b**2 + 7*b - 1883. Determine t(40).
-3
Let c(l) = -6*l**3 - 56*l**2 - 18*l + 4. What is c(-9)?
4
Let q(l) = -47648*l + 142937. Determine q(3).
-7
Let s(m) = 31*m + 773. What is s(-26)?
-33
Let s(v) = v**3 + 96*v**2 + 282*v + 289. Determine s(-93).
10
Let o(d) = d**2 + 35*d + 188. Calculate o(-34).
154
Let l(n) = -n**2 + 78*n + 606. Determine l(85).
11
Let o(r) = -3917*r - 39233. Calculate o(-10).
-63
Let l(q) = -q**3 - 4*q**2 + 2*q + 38. Calculate l(-5).
53
Let s(p) = 2*p**2 - 115*p + 846. Calculate s(49).
13
Let o(r) = 3*r**3 - 17*r**2 + 7*r - 7. Determine o(5).
-22
Let u(t) = 13*t**2 - 102*t - 27. Determine u(8).
-11
Let r(y) = -527*y + 16930. Give r(32).
66
Let g(q) = -144*q + 298. Determine g(2).
10
Let s(y) = 9*y**2 + 23*y + 8. Determine s(-5).
118
Let t(z) = -z**3 + 26*z**2 - 30*z + 42. Calculate t(25).
-83
Let l(p) = -18*p + 128. What is l(18)?
-196
Let k(c) = 28*c - 522. What is k(19)?
10
Let g(d) = -d**3 - 3*d**2 + 46*d + 171. Determine g(-6).
3
Let g(w) = -854*w + 9409. Determine g(11).
15
Let c(t) = 38*t - 167. Calculate c(4).
-15
Let t(g) = 35*g - 3388. Give t(97).
7
Let c(l) = -2*l**3 - 11*l**2 - 134*l - 640. Determine c(-5).
5
Let w(c) = c**2 + 25*c - 88. What is w(3)?
-4
Let f(s) = 3*s**2 - 18*s - 11. Calculate f(5).
-26
Let l(a) = 11*a - 514. Give l(40).
-74
Let x(w) = -2*w**2 + 188*w + 2096. Calculate x(-10).
16
Let v(y) = -y**2 + 57*y - 304. Determine v(25).
496
Let x(q) = -13*q**2 + 847*q - 121. Calculate x(65).
9
Let t(a) = 303*a + 2412. Determine t(-8).
-12
Let c(h) = -h**3 - 91*h**2 - 791*h + 1538. Calculate c(-81).
-1
Let x(j) = 2*j**3 + 49*j**2 + 140*j + 2786. Give x(-24).
2
Let o(d) = -408*d + 4948. Give o(13).
-356
Let x(t) = -t**2 + 144*t - 3054. Calculate x(26).
14
Let g(p) = p**3 - 12*p**2 - 11*p + 12. Determine g(13).
38
Let t(h) = -20*h**2 + 618*h + 58. What is t(31)?
-4
Let v(b) = 21*b**2 - 55*b + 213. Determine v(4).
329
Let f(a) = -419*a - 34359. Give f(-82).
-1
Let k(r) = 137*r - 2598. What is k(19)?
5
Let r(m) = -3*m**2 - 328*m - 4085. What is r(-95)?
0
Let l(g) = -619*g - 1835. Calculate l(-3).
22
Let q(j) = j**3 + 30*j**2 + 24*j + 7. Calculate q(-29).
152
Let z(x) = 5*x + 100. What is z(-7)?
65
Let q(p) = -707*p + 26143. Determine q(37).
-16
Let z(i) = -11*i - 164. Calculate z(-16).
12
Let d(k) = 1143*k**2 + 5719*k + 15. Give d(-5).
-5
Let m(r) = -r**2 + 43*r - 410. Determine m(14).
-4
Let m(j) = j**2 + 49*j - 631. Determine m(23).
1025
Let c(g) = 972*g - 20. Give c(0).
-20
Let p(f) = 12*f**2 + 691*f + 5980. Calculate p(-47).
11
Let b(p) = -33*p + 28. What is b(8)?
-236
Let v(w) = w**3 - 15*w**2 + 9*w - 15. Determine v(14).
-85
Let y(l) = -l**3 + 14*l**2 - 195*l + 1112. What is y(6)?
230
Let m(y) = 65*y**2 + 15*y - 11. What is m(2)?
279
Let w(k) = -k**2 + 48*k - 202. What is w(45)?
-67
Let q(f) = 10*f**2 + 176*f + 105. Give q(-17).
3
Let c(x) = -175*x**2 + 697*x + 6. Calculate c(4).
-6
Let d(g) = 33*g - 112. Calculate d(5).
53
Let o(t) = -4579*t + 96167. Give o(21).
8
Let n(o) = 4*o**2 + 145*o - 493. Give n(-41).
286
Let z(p) = -226*p - 726. Give z(-3).
-48
Let d(p) = 2*p**3 + 23*p**2 + 4*p - 32. Determine d(-11).
45
Let q(x) = -11*x**2 + x. Calculate q(2).
-42
Let z(t) = -27*t - 853. Give z(-32).
11
Let i(h) = -300*h + 100. What is i(-2)?
700
Let t(l) = -10*l**2 + 473*l + 21. What is t(47)?
162
Let l(i) = -i**2 + 57*i - 225. Determine l(54).
-63
Let u(i) = 500*i + 3471. Calculate u(-7).
-29
Let c(a) = 12*a**2 - 43*a - 116. Give c(-3).
121
Let m(i) = -i**2 - 11*i - 196. Determine m(-12).
-208
Let w(t) = -t**2 + 231*t + 3172. What is w(-13)?
0
Let c(z) = -101*z - 7847. Calculate c(-79).
132
Let v(i) = -8*i - 67. What is v(5)?
-107
Let h(u) = -u**3 - 6*u**2 + 30*u + 17. Give h(-9).
-10
Let a(i) = 2*i**3 + 22*i**2 - 350*i - 99. Calculate a(9).
-9
Let m(k) = -14*k + 140. Give m(3).
98
Let v(x) = 34*x - 114. What is v(4)?
22
Let m(b) = -2*b**3 - 6*b**2 - 27*b - 52. Determine m(-3).
29
Let v(y) = y**3 - 21*y**2 - 70*y + 13. Calculate v(24).
61
Let m(c) = -1631*c + 150049. What is m(92)?
-3
Let c(k) = -6*k**2 + 253*k - 295. What is c(42)?
-253
Let m(z) = -41*z + 567. Give m(14).
-7
Let x(h) = -h**2 + 125*h + 789. Give x(-6).
3
Let u(m) = -195*m + 1159. Determine u(6).
-11
Let c(k) = -k**3 + 210*k**2 - 248*k + 52072. Calculate c(210).
-8
Let g(c) = c**3 - 3*c**2 + 335*c - 1357. Calculate g(4).
-1
Let k(d) = -2*d**3 - 25*d**2 - 20*d - 90. What is k(-12)?
6
Let p(f) = 134*f - 554. Calculate p(4).
-18
Let u(s) = -s**3 + 3*s**2 + 158*s - 735. Give u(5).
5
Let h(s) = 884*s - 1765. What is h(2)?
3
Let x(z) = -4*z**3 + 6*z**2 + 17*z - 1. What is x(3)?
-4
Let m(l) = -21*l**2 + 295*l - 288. Give m(13).
-2
Let b(m) = -9*m**2 + 354*m - 451. What is b(38)?
5
Let w(v) = -32*v - 67. Give w(-11).
285
Let t(g) = g**3 - 15*g**2 + 8*g - 109. Calculate t(15).
11
Let t(b) = -b**3 + 11*b**2 + 145*b - 869. What is t(5)?
6
Let v(o) = -67*o**2 + 386*o - 385. Calculate v(1).
-66
Let j(x) = -24*x + 24. What is j(2)?
-24
Let d(s) = 4965*s - 69515. Calculate d(14).
-5
Let s(g) = 2*g**2 - 15*g - 464. Calculate s(-12).
4
Let w(y) = -118*y + 157. Give w(-2).
393
Let u(r) = -r**2 + 46*r - 778. Determine u(21).
-253
Let f(z) = z**3 - 24*z**2 + 82*z + 748. Calculate f(12).
4
Let b(n) = -n**3 + 13*n**2 - 16*n - 1. Determine b(12).
-49
Let r(b) = -222*b + 7985. Give r(36).
-7
Let r(c) = 49*c**2 + 2*c - 22. Give r(0).
-22
Let p(o) = o**2 - 6*o + 82. Determine p(7).
89
Let b(w) = -3*w**3 + 11*w**2 - w - 9. Calculate b(3).
6
Let q(a) = 3*a**2 - 10*a - 204. Give q(-7).
13
Let u(r) = r**2 + 57*r - 526. Determine u(-65).
-6
Let p(w) = w**3 + 2*w**2 - 2*w + 49. Calculate p(-5).
-16
Let f(x) = x**2 + 48*x + 494. Calculate f(-12).
62
Let f(c) = c**3 + 35*c**2 - 71*c + 124. Determine f(-37).
13
Let a(b) = -2*b**2 + 19*b + 100. Determine a(-4).
-8
Let l(o) = 2*o**2 + 118*o + 37. Calculate l(-58).
-79
Let m(x) = x**2 + 19*x - 90. What is m(4)?
2
Let w(m) = m**3 + 15*m**2 - 17*m + 12. Give w(-16).
28
Let v(j) = -4*j + 96. Give v(-6).
120
Let w(v) = -5